 be s(2). Let u be 1 - -62 - l/(-1). Calculate the highest common divisor of u and 6.
6
Suppose -o + 9 = -7. What is the highest common factor of 12 and o?
4
Let j = -15 - -28. Suppose 0 = -5*x + 4*l + 635, -47 = -x + 2*l + 86. Let p = -71 + x. What is the greatest common divisor of j and p?
13
Let q = -13 + 25. What is the greatest common factor of 96 and q?
12
Let r(f) = 9*f - 4. Let s be r(4). Let b = s + -23. Let i = -5 + b. Calculate the greatest common divisor of 12 and i.
4
Let o = 42 - 32. Calculate the greatest common factor of 2 and o.
2
Suppose 3*x = 3*y + 24, 3 - 13 = -2*x - y. Suppose -10 = b - x*b. What is the greatest common divisor of b and 5?
1
Suppose a = -b + 9, 5*b - b + a = 42. Calculate the highest common factor of b and 44.
11
Suppose 0 = 3*u + 2*u, 3*s + 2*u = 6. Suppose -s*n = -0*n - 4. What is the greatest common factor of n and 14?
2
Suppose 0 = -2*c + c + 9. Suppose 5*r = -3*l + 231, 0 = -4*r - r + 15. Calculate the highest common divisor of l and c.
9
Let x be (-1)/4 + 146/8. Let i = -6 + x. Let f be (-5)/(-5) - (-46)/2. Calculate the greatest common divisor of i and f.
12
Suppose s + 4*q = -0*s - 7, 5*s - 4*q - 13 = 0. Let i(y) = -y**2 - 8*y - 4. Let u be i(-7). What is the highest common divisor of u and s?
1
Let n be (-2)/(0 - (-6)/(-15)). Suppose -4*r + n*v = -695, 2*r + 3*r = -2*v + 910. Calculate the greatest common factor of r and 72.
36
Suppose -4*m = n - 11, -2*m + 1 + 2 = n. Suppose 0 = m*v + 33 - 173. What is the highest common factor of 5 and v?
5
Suppose -200 = -5*w + w. Let p be (-8)/(-2) - (-7 + -9). What is the highest common divisor of p and w?
10
Let g(z) = -z**3 + z + 15. Let i be g(0). Suppose -2*v = -4*m - 82, -3*v - 3*m + 143 = m. Calculate the highest common divisor of i and v.
15
Let k be -3 + (-1 - 4*-4). Calculate the greatest common divisor of 84 and k.
12
Let f be 196/42 + (-2)/3. Calculate the highest common factor of f and 10.
2
Let p = 52 + -31. Let w = p + -9. Let o(d) = -3*d**3 + 4*d**2 + 3*d. Let g be o(-3). What is the greatest common factor of g and w?
12
Suppose -4*x - 7*t = -2*t + 35, x - t = -11. Let f be 2 + (0 - x - 3). What is the greatest common factor of f and 72?
9
Let w = -70 + 78. Suppose 4*u = -27 + 123. Calculate the highest common factor of u and w.
8
Let q(k) = -k**3. Let j be q(2). Let l = 0 - j. What is the highest common factor of l and 72?
8
Let n be -1 + -2 + 1 + 112. Suppose -l = -2*l - 5*i + 45, 2*l - 2*i - 54 = 0. Suppose -d = 2*d - l. What is the highest common divisor of n and d?
10
Let t = -59 + 158. Calculate the greatest common divisor of 11 and t.
11
Suppose -9 = 2*z - 29. Suppose -3*i + 38 = p, -4*p + 63 = i - 45. Suppose 5*v = 76 - p. Calculate the highest common divisor of v and z.
10
Suppose -2*l + 39 + 25 = 4*n, -4*n = l - 36. What is the highest common factor of 4 and l?
4
Let r = 47 - 11. Calculate the greatest common factor of 18 and r.
18
Suppose -3*g + 3 = -t, -13 = -2*g - 2*t - t. Suppose -3*h + g*r = -28, h + 5*r - 35 = -2*h. What is the highest common divisor of h and 2?
2
Suppose 5*x - u = 28 + 40, -4*x + u = -54. Calculate the highest common divisor of 42 and x.
14
Let u be ((-4)/8)/(3/(-162)). Suppose 2*f + 0*f + 17 = 3*c, 3*c = -3*f + u. Calculate the highest common divisor of c and 63.
7
Let k(n) = 5*n. Let j be k(1). Suppose -4*b + 36 = r, j*r + 12 = 6*b - 2*b. Calculate the highest common factor of b and 8.
8
Let m be (-1368)/(-42) - (-12)/28. Calculate the highest common divisor of 33 and m.
33
Let h(u) = 7*u - 4. Let j be h(-8). Let l be ((-4)/(-3))/((-5)/j). What is the greatest common factor of 32 and l?
16
Let z = 44 + -1. Suppose 0 = -5*u - 3*q - z, -4*u - 4*q = -2*q + 36. Let x be (-2)/u + (-130)/(-11). What is the highest common factor of x and 84?
12
Suppose -4*b = -5*q + 260, 3*q = 2*q + 5*b + 73. Calculate the highest common factor of q and 6.
6
Let k = 23 - 11. Let n = 46 - 10. Calculate the highest common factor of k and n.
12
Let f = 64 - 42. What is the highest common factor of f and 4?
2
Suppose 4*w + p = -0*p + 146, 4*w - 5*p - 134 = 0. Suppose 0*z - z + 12 = 0. What is the greatest common factor of w and z?
12
Let t = 56 - 34. Suppose 4*m - y - 325 = 0, -2*m - m = 3*y - 225. Let j = m - 47. What is the greatest common divisor of j and t?
11
Let f be (3 - 6)/(6/(-128)). Suppose -3*t - 5*w + 19 = 0, t - 5*t + 2*w + 8 = 0. Suppose -3*u + 51 = t. What is the highest common factor of f and u?
16
Let p = 8 - 5. Let m be (1 - 0) + -16 + p. Let v be (-272)/m*(-6)/(-4). Calculate the greatest common factor of v and 51.
17
Suppose 10 = 4*h - 6. Suppose h*a = -12, 0 = 5*u + 4*a - 3*a - 987. What is the highest common divisor of u and 22?
22
Let p = 24 + 2. Suppose 5*j = 5*u - 5, u = -0*u - 3*j + 5. Suppose 3*c + 8*x - 2 = 3*x, u*x = -4*c + p. Calculate the greatest common divisor of c and 18.
9
Let c be (-6)/(-27) + 32/18. Suppose 0 = m - c*m + 7. What is the greatest common divisor of 1 and m?
1
Suppose 6*b + 0*b - 168 = 0. Suppose 24*g = b*g - 36. Calculate the greatest common divisor of 45 and g.
9
Suppose 3*w - 5 - 7 = 0, -5*d = w + 6. Let j = d + 5. Suppose j*i - 57 = 45. What is the highest common divisor of i and 85?
17
Let s(w) = -8*w + w**2 + 6*w - 8*w - 2. Let q be s(7). Let f = q + 35. Calculate the greatest common factor of 12 and f.
12
Let h be 459/6*2 + -6. What is the highest common divisor of h and 42?
21
Suppose 3*t + 6 = 3*c, t = -4*c + 19 - 1. Suppose -3*x - 4 = -5*p + 4, -t = -3*p - x. Let y be (13/p)/(3/3). What is the greatest common divisor of y and 91?
13
Suppose 32 + 1 = j. Suppose 0*q + q = 4*f + 5, 10 = -4*q + f. Let y be (q - -8)*(-22)/(-5). Calculate the highest common divisor of y and j.
11
Let j = -8 - -8. Suppose 4*z + 47 + 493 = j. Let p be z/(-12)*(-1 - -5). Calculate the highest common factor of p and 18.
9
Let n(a) = -a**2 - 9*a + 1. Let o be n(-7). Let p be 1/(-5) + 48/o. Suppose p*j - 8*j = 5*u - 25, -10 = 5*u. What is the greatest common divisor of 49 and j?
7
Let j(l) = l**2 - 3. Let t = -3 + 0. Let n be j(t). What is the greatest common divisor of n and 9?
3
Let k be -46*(-4 - -3) - 4. Calculate the highest common factor of k and 6.
6
Suppose -26 = -5*d + 3*x + 21, -3*x - 17 = -2*d. What is the greatest common divisor of 10 and d?
10
Let x(p) = p**2 + 5*p - 7. Let w be x(-12). Suppose w - 33 = m. Let k be 90/8 + 2/(-8). What is the highest common factor of m and k?
11
Let c be 3 - (6 + -16)*6/4. What is the greatest common divisor of c and 3?
3
Let i = -57 + 72. Calculate the greatest common divisor of i and 30.
15
Let r be (-12)/30 + -2 + (-17)/(-5). Calculate the greatest common divisor of 1 and r.
1
Suppose 0 = -3*v + 15, -d + 15 = 5*v. Let g(l) = -13*l - 11. Let u be g(d). Calculate the greatest common factor of u and 17.
17
Let m be (-4)/14 - 65/(-7). Suppose -14*s = -m*s - 10. Calculate the highest common factor of 14 and s.
2
Let c(z) = 2*z**2 + 4*z + 3. Let y be c(-5). What is the highest common factor of 363 and y?
33
Suppose -5*z - 43 + 108 = 0. Suppose -39 = 9*v - 12*v. What is the highest common divisor of v and z?
13
Let v(i) = -11 + 12*i**2 - 12*i - 49*i**3 + i**2 + 48*i**3. Let s be v(12). Let t = s - -18. Calculate the highest common divisor of 1 and t.
1
Let s(v) = 8*v + 3. Let x be 2 + 2*3/6. Let y be s(x). What is the greatest common divisor of y and 9?
9
Let j(n) = 6*n**3 - 4*n**2 + n - 9. Let u be j(4). What is the highest common divisor of 35 and u?
35
Let u(z) = 10*z**2 - 2*z. Let m be u(1). What is the highest common divisor of m and 2?
2
Let v(n) = -10*n**2 - 2*n. Let k be v(-3). Suppose -2*m = -x - 2*x + 344, 5*x + m = 595. Let p = x + k. Calculate the highest common divisor of 85 and p.
17
Suppose 222 = 5*b - 218. Calculate the highest common factor of b and 22.
22
Suppose 0 = 5*f - 5*i - 555, 256 = 5*f - i - 303. What is the greatest common divisor of f and 14?
14
Suppose -210 = -2*x + 3*l, -x + 3*l = -5*x + 420. Suppose u + 75 = 6*u. What is the highest common factor of x and u?
15
Suppose 3*y - 14 + 5 = 0, 5*y = -3*o + 21. Calculate the greatest common factor of o and 5.
1
Let d = 128 - 84. Let s be d + (-4)/((-6)/(-3)). Calculate the highest common divisor of 14 and s.
14
Let s = -17 - -39. Suppose 3*u + 3*a - s = a, 0 = 2*u + 5*a - 22. What is the 